{"id":29,"date":"2015-01-02T20:39:45","date_gmt":"2015-01-02T19:39:45","guid":{"rendered":"http:\/\/pubweb.carnet.hr\/udhm\/?page_id=29"},"modified":"2015-04-18T18:02:36","modified_gmt":"2015-04-18T17:02:36","slug":"djelatnost-udruge","status":"publish","type":"page","link":"https:\/\/udhm.hr\/?page_id=29","title":{"rendered":"Djelatnost Udruge"},"content":{"rendered":"<ul>\n<li>poticanje strukovnog povezivanja i profesionalnog usavr\u0161avanja \u010dlanova,<\/li>\n<li>suradnja sa Hrvatskim zavodom za hitnu medicinu u okviru unapre\u0111enja i razvitka medicinske prijavno-dojavne jedinice<\/li>\n<li>organiziranje i provo\u0111enje od Hrvaske komore medicinskih sestara odobrenih oblika stru\u010dnog usavr\u0161avanja,<\/li>\n<li>informiranje javnosti o eventualnoj problematici u okviru djelokruga rada \u010dlanova Udruge u djelatnosti hitne medicine i medicinske prijavno-dojavne jedinice,<\/li>\n<li>pripremanje materijala radi prijavljivanja, dokumentiranja i bodovanja stru\u010dne osposobljenosti \u010dlanova nadle\u017enoj komori,<\/li>\n<li>predlaganje djelokruga rada u djelatnostima hitne medicine nadle\u017enim tijelima i institucijama,<\/li>\n<li>udru\u017eivanje u doma\u0107e i me\u0111unarodne asocijacije, te ja\u010danje suradnje sa srodnim organizacijama u Hrvatskoj i izvan nje,<\/li>\n<li>poticanje publicisti\u010dke djelatnosti \u010dlanova iz podru\u010dja svoje djelatnosti; izdavanje knjiga, tiskanje stru\u010dnih radova \u010dlanova, izdavanje prigodnih publikacija sukladno zakonu,<\/li>\n<li>suradnja sa srodnim Udrugama medicinskih sestara i tehni\u010dara i drugim zdravstvenim djelatnicima,organiziranje i provo\u0111enje drugih aktivnosti potrebnih za postizanje ciljeva Udruge<\/li>\n<\/ul>\n","protected":false},"excerpt":{"rendered":"<p>poticanje strukovnog povezivanja i profesionalnog usavr\u0161avanja \u010dlanova, suradnja sa Hrvatskim zavodom za hitnu medicinu u okviru unapre\u0111enja i razvitka medicinske prijavno-dojavne jedinice organiziranje i provo\u0111enje od Hrvaske komore medicinskih sestara odobrenih oblika stru\u010dnog usavr\u0161avanja, informiranje javnosti o eventualnoj problematici u okviru djelokruga rada \u010dlanova Udruge u djelatnosti hitne medicine i medicinske prijavno-dojavne jedinice, pripremanje materijala &hellip; <a href=\"https:\/\/udhm.hr\/?page_id=29\" class=\"more-link\">Nastavi \u010ditati <span class=\"screen-reader-text\">Djelatnost Udruge<\/span> <span class=\"meta-nav\">&rarr;<\/span><\/a><\/p>\n","protected":false},"author":363,"featured_media":0,"parent":2,"menu_order":0,"comment_status":"closed","ping_status":"closed","template":"","meta":{"footnotes":""},"class_list":["post-29","page","type-page","status-publish","hentry"],"_links":{"self":[{"href":"https:\/\/udhm.hr\/index.php?rest_route=\/wp\/v2\/pages\/29","targetHints":{"allow":["GET"]}}],"collection":[{"href":"https:\/\/udhm.hr\/index.php?rest_route=\/wp\/v2\/pages"}],"about":[{"href":"https:\/\/udhm.hr\/index.php?rest_route=\/wp\/v2\/types\/page"}],"author":[{"embeddable":true,"href":"https:\/\/udhm.hr\/index.php?rest_route=\/wp\/v2\/users\/363"}],"replies":[{"embeddable":true,"href":"https:\/\/udhm.hr\/index.php?rest_route=%2Fwp%2Fv2%2Fcomments&post=29"}],"version-history":[{"count":0,"href":"https:\/\/udhm.hr\/index.php?rest_route=\/wp\/v2\/pages\/29\/revisions"}],"up":[{"embeddable":true,"href":"https:\/\/udhm.hr\/index.php?rest_route=\/wp\/v2\/pages\/2"}],"wp:attachment":[{"href":"https:\/\/udhm.hr\/index.php?rest_route=%2Fwp%2Fv2%2Fmedia&parent=29"}],"curies":[{"name":"wp","href":"https:\/\/api.w.org\/{rel}","templated":true}]}}